{"id":51,"date":"2026-03-23T09:21:26","date_gmt":"2026-03-23T09:21:26","guid":{"rendered":"https:\/\/digitc3.ovh\/?page_id=51"},"modified":"2026-04-05T17:12:52","modified_gmt":"2026-04-05T17:12:52","slug":"51-2","status":"publish","type":"page","link":"https:\/\/digitc3.ovh\/","title":{"rendered":"Accu"},"content":{"rendered":"\n<div class=\"wp-block-group alignfull\"><div class=\"wp-block-group__inner-container is-layout-constrained wp-block-group-is-layout-constrained\">\n<div class=\"wp-block-group alignfull has-background has-medium-font-size is-content-justification-space-between is-layout-flex wp-container-core-group-is-layout-cd5a2424 wp-block-group-is-layout-flex\" style=\"background-color:#f3b10f;margin-top:0;margin-bottom:0;padding-top:0;padding-right:var(--wp--preset--spacing--80);padding-bottom:0;padding-left:var(--wp--preset--spacing--80)\">\n<div class=\"wp-block-group is-layout-flex wp-block-group-is-layout-flex\">\n<div class=\"wp-block-group is-vertical is-layout-flex wp-container-core-group-is-layout-5d5a54e7 wp-block-group-is-layout-flex\"><h1 style=\"color:#edba00;\" class=\"has-text-align-center has-link-color wp-elements-c14dac9e1247b4e9cd72d7d8bd7a6d7a wp-block-site-title has-text-color has-medium-font-size\"><a href=\"https:\/\/digitc3.ovh\" target=\"_self\" rel=\"home\">Les coulisses des MDEE<\/a><\/h1><\/div>\n<\/div>\n<\/div>\n<\/div><\/div>\n\n\n\n\n<h2 class=\"has-link-color wp-elements-3960723e9fc7b8baad841d30a849403e wp-block-post-title has-text-color has-kubio-color-5-color\">Accu<\/h2>\n\n\n<h2 class=\"wp-block-heading has-text-align-left\"><strong>          \u00c0 propos de nous<\/strong><\/h2>\n\n\n\n<p class=\"has-text-align-left\">Une page internet humoristique afin de pr\u00e9senter la r\u00e9alit\u00e9 de la vie des \u00e9tudiants de MDEE (nos projets, SAE, ce qu\u2019on doit ma\u00eetriser et des petites anecdotes dr\u00f4les pour unifier la promo et donner envie aux premi\u00e8res ann\u00e9es de nous rejoindre).&nbsp;<br><\/p>\n\n\n\n<h2 class=\"wp-block-heading has-text-align-left has-contrast-color has-text-color has-link-color has-manrope-font-family wp-elements-a672bba631d3a8305325661fc7cfaca3\">          <strong>Nos r\u00e9alisations<\/strong><\/h2>\n\n\n\n<p><\/p>\n\n\n\n<p><\/p>\n\n\n\n<div id=\"metaslider-id-107\" style=\"width: 100%; margin: 0 auto;\" class=\"ml-slider-3-107-0 metaslider metaslider-flex metaslider-107 ml-slider has-dots-nav has-carousel-mode ms-theme-default\" role=\"region\" aria-label=\"Image Carousel\" data-height=\"400\" data-width=\"400\">\n    <div id=\"metaslider_container_107\">\n        <div id=\"metaslider_107\">\n            <ul aria-live='off' class='slides'>\n                <li style=\"display: none; width: 100%;\" class=\"slide-115 ms-image \" aria-roledescription=\"slide\" data-date=\"2026-03-30 07:24:37\" data-filename=\"Image-JPEG-2-400x400.jpeg\" data-slide-type=\"image\"><img loading=\"lazy\" decoding=\"async\" src=\"https:\/\/digitc3.ovh\/wp-content\/uploads\/2026\/03\/Image-JPEG-2-400x400.jpeg\" height=\"400\" width=\"400\" alt=\"\" class=\"slider-107 slide-115 msDefaultImage\" title=\"Image JPEG 2\" \/><\/li>\n                <li style=\"display: none; width: 100%;\" class=\"slide-130 ms-image \" aria-roledescription=\"slide\" data-date=\"2026-03-30 07:47:45\" data-filename=\"Image-JPEG-8-400x400.jpeg\" data-slide-type=\"image\"><img loading=\"lazy\" decoding=\"async\" src=\"https:\/\/digitc3.ovh\/wp-content\/uploads\/2026\/03\/Image-JPEG-8-400x400.jpeg\" height=\"400\" width=\"400\" alt=\"\" class=\"slider-107 slide-130 msDefaultImage\" title=\"Image JPEG 8\" \/><\/li>\n                <li style=\"display: none; width: 100%;\" class=\"slide-131 ms-image \" aria-roledescription=\"slide\" data-date=\"2026-03-30 07:47:56\" data-filename=\"Capture-decran-2026-03-30-a-09.41.58-400x400.png\" data-slide-type=\"image\"><img loading=\"lazy\" decoding=\"async\" src=\"https:\/\/digitc3.ovh\/wp-content\/uploads\/2026\/03\/Capture-decran-2026-03-30-a-09.41.58-400x400.png\" height=\"400\" width=\"400\" alt=\"\" class=\"slider-107 slide-131 msDefaultImage\" title=\"Capture d\u2019e\u0301cran 2026-03-30 a\u0300 09.41.58\" \/><\/li>\n                <li style=\"display: none; width: 100%;\" class=\"slide-132 ms-image \" aria-roledescription=\"slide\" data-date=\"2026-03-30 07:48:15\" data-filename=\"Image-JPEG-7-400x400.jpeg\" data-slide-type=\"image\"><img loading=\"lazy\" decoding=\"async\" src=\"https:\/\/digitc3.ovh\/wp-content\/uploads\/2026\/03\/Image-JPEG-7-400x400.jpeg\" height=\"400\" width=\"400\" alt=\"\" class=\"slider-107 slide-132 msDefaultImage\" title=\"Image JPEG 7\" \/><\/li>\n                <li style=\"display: none; width: 100%;\" class=\"slide-133 ms-image \" aria-roledescription=\"slide\" data-date=\"2026-03-30 07:48:29\" data-filename=\"Image-JPEG-400x400.jpeg\" data-slide-type=\"image\"><img loading=\"lazy\" decoding=\"async\" src=\"https:\/\/digitc3.ovh\/wp-content\/uploads\/2026\/03\/Image-JPEG-400x400.jpeg\" height=\"400\" width=\"400\" alt=\"\" class=\"slider-107 slide-133 msDefaultImage\" title=\"Image JPEG\" \/><\/li>\n                <li style=\"display: none; width: 100%;\" class=\"slide-134 ms-image \" aria-roledescription=\"slide\" data-date=\"2026-03-30 07:48:34\" data-filename=\"Image-JPEG-3-400x400.jpeg\" data-slide-type=\"image\"><img loading=\"lazy\" decoding=\"async\" src=\"https:\/\/digitc3.ovh\/wp-content\/uploads\/2026\/03\/Image-JPEG-3-400x400.jpeg\" height=\"400\" width=\"400\" alt=\"\" class=\"slider-107 slide-134 msDefaultImage\" title=\"Image JPEG 3\" \/><\/li>\n                <li style=\"display: none; width: 100%;\" class=\"slide-135 ms-image \" aria-roledescription=\"slide\" data-date=\"2026-03-30 07:48:38\" data-filename=\"Image-JPEG-4-400x400.jpeg\" data-slide-type=\"image\"><img loading=\"lazy\" decoding=\"async\" src=\"https:\/\/digitc3.ovh\/wp-content\/uploads\/2026\/03\/Image-JPEG-4-400x400.jpeg\" height=\"400\" width=\"400\" alt=\"\" class=\"slider-107 slide-135 msDefaultImage\" title=\"Image JPEG 4\" \/><\/li>\n                <li style=\"display: none; width: 100%;\" class=\"slide-136 ms-image \" aria-roledescription=\"slide\" data-date=\"2026-03-30 07:48:45\" data-filename=\"Image-JPEG-6-400x400.jpeg\" data-slide-type=\"image\"><img loading=\"lazy\" decoding=\"async\" src=\"https:\/\/digitc3.ovh\/wp-content\/uploads\/2026\/03\/Image-JPEG-6-400x400.jpeg\" height=\"400\" width=\"400\" alt=\"\" class=\"slider-107 slide-136 msDefaultImage\" title=\"Image JPEG 6\" \/><\/li>\n                <li style=\"display: none; width: 100%;\" class=\"slide-137 ms-image \" aria-roledescription=\"slide\" data-date=\"2026-03-30 07:48:49\" data-filename=\"Image-JPEG-5-400x400.jpeg\" data-slide-type=\"image\"><img loading=\"lazy\" decoding=\"async\" src=\"https:\/\/digitc3.ovh\/wp-content\/uploads\/2026\/03\/Image-JPEG-5-400x400.jpeg\" height=\"400\" width=\"400\" alt=\"\" class=\"slider-107 slide-137 msDefaultImage\" title=\"Image JPEG 5\" \/><\/li>\n                <li style=\"display: none; width: 100%;\" class=\"slide-138 ms-image \" aria-roledescription=\"slide\" data-date=\"2026-03-30 07:48:54\" data-filename=\"3bb8f76b-7b8f-45c2-8180-b1261128e1f5-400x400.jpg\" data-slide-type=\"image\"><img loading=\"lazy\" decoding=\"async\" src=\"https:\/\/digitc3.ovh\/wp-content\/uploads\/2026\/03\/3bb8f76b-7b8f-45c2-8180-b1261128e1f5-400x400.jpg\" height=\"400\" width=\"400\" alt=\"\" class=\"slider-107 slide-138 msDefaultImage\" title=\"3bb8f76b-7b8f-45c2-8180-b1261128e1f5\" \/><\/li>\n            <\/ul>\n        <\/div>\n        \n    <\/div>\n<\/div>\n\n\n\n<p><\/p>\n\n\n\n<p><\/p>\n\n\n\n<h2 class=\"wp-block-heading has-text-align-left\"><strong>Actus<\/strong><\/h2>\n\n\n\n<div class=\"wp-block-media-text is-stacked-on-mobile\"><figure class=\"wp-block-media-text__media\"><\/figure><div class=\"wp-block-media-text__content\">\n<p>Affiche d&rsquo;\u00e9v\u00e9nement et description de l&rsquo;\u00e9vent et afficher tout les \u00e9vents sur le calendrier<\/p>\n<\/div><\/div>\n\n\n\n<p><\/p>\n\n\n\n<h2 class=\"wp-block-heading\"><strong>Vie \u00e9tudiante<\/strong> <img decoding=\"async\" draggable=\"false\" role=\"img\" class=\"emoji\" src=\"https:\/\/s.w.org\/images\/core\/emoji\/17.0.2\/svg\/1f389.svg\" alt=\"\ud83c\udf89\"><\/h2>\n\n\n\n<h2 class=\"wp-block-heading has-text-align-left\"><strong>Nos citations et t\u00e9moignages<\/strong><\/h2>\n\n\n\n<blockquote class=\"wp-block-quote is-layout-flow wp-block-quote-is-layout-flow\">\n<p>L&rsquo;\u00e9quipe parfaite n&rsquo;existe pas, mais celle qui apporte des g\u00e2teaux le lundi matin s&rsquo;en rapproche<\/p>\n<\/blockquote>\n\n\n\n<details class=\"wp-block-details is-layout-flow wp-block-details-is-layout-flow\"><summary>Lilian, \u00c9tudiant 2\u00e8me ann\u00e9e MDEE (tr\u00e8s gourmand)<\/summary><\/details>\n\n\n\n\n\n<p><\/p>\n\n\n\n<h2 class=\"wp-block-heading has-text-align-left\"><strong>Nos sorties<\/strong><\/h2>\n\n\n\n<div class=\"wp-block-media-text has-media-on-the-right is-stacked-on-mobile\"><div class=\"wp-block-media-text__content\">\n<p>Retour sur notre soir\u00e9e arros\u00e9e du jeudi soir au Barrio Latino<\/p>\n<\/div><figure class=\"wp-block-media-text__media\"><\/figure><\/div>\n\n\n\n<h2 class=\"wp-block-heading\"><strong>Mobilit\u00e9 international<\/strong> \ud83c\udf0d<\/h2>\n\n\n\n<p><\/p>\n\n\n\n<p>Quelques updates sur nos camarades (ou futurs camarades) \u00e0 l&rsquo;\u00e9tranger<\/p>\n\n\n\n<div class=\"wp-block-columns is-layout-flex wp-container-core-columns-is-layout-9d6595d7 wp-block-columns-is-layout-flex\">\n<div class=\"wp-block-column is-layout-flow wp-block-column-is-layout-flow\">\n\n\n<p><\/p>\n<\/div>\n\n\n\n<div class=\"wp-block-column is-layout-flow wp-block-column-is-layout-flow\">\n\n<\/div>\n<\/div>\n\n\n\n<div class=\"wp-block-columns is-layout-flex wp-container-core-columns-is-layout-9d6595d7 wp-block-columns-is-layout-flex\">\n<div class=\"wp-block-column is-layout-flow wp-block-column-is-layout-flow\"><\/div>\n\n\n\n<div class=\"wp-block-column is-layout-flow wp-block-column-is-layout-flow\"><\/div>\n<\/div>\n\n\n\n<div class=\"wp-block-media-text is-stacked-on-mobile\" style=\"grid-template-columns:46% auto\"><figure class=\"wp-block-media-text__media\"><img loading=\"lazy\" decoding=\"async\" width=\"1024\" height=\"954\" src=\"https:\/\/digitc3.ovh\/wp-content\/uploads\/2026\/03\/Capture-decran-2026-03-30-a-10.12.21-1024x954.png\" alt=\"\" class=\"wp-image-143 size-full\" srcset=\"https:\/\/digitc3.ovh\/wp-content\/uploads\/2026\/03\/Capture-decran-2026-03-30-a-10.12.21-1024x954.png 1024w, https:\/\/digitc3.ovh\/wp-content\/uploads\/2026\/03\/Capture-decran-2026-03-30-a-10.12.21-300x279.png 300w, https:\/\/digitc3.ovh\/wp-content\/uploads\/2026\/03\/Capture-decran-2026-03-30-a-10.12.21-768x715.png 768w, https:\/\/digitc3.ovh\/wp-content\/uploads\/2026\/03\/Capture-decran-2026-03-30-a-10.12.21-1536x1431.png 1536w, https:\/\/digitc3.ovh\/wp-content\/uploads\/2026\/03\/Capture-decran-2026-03-30-a-10.12.21.png 1546w\" sizes=\"(max-width: 1024px) 100vw, 1024px\" \/><\/figure><div class=\"wp-block-media-text__content\">\n<p>Nous avons 3 futurs \u00e9tudiants \u00e0 l&rsquo;\u00e9tranger. Antonin partira pour le 6\u00e8me semestre au Danemark. Dorine part pour le 6\u00e8me semestre au Japon et Lilian partira l&rsquo;ann\u00e9e en Cor\u00e9e du Sud<\/p>\n\n\n\n<p>On vous fera des petites updates \ud83d\ude09<\/p>\n<\/div><\/div>\n\n\n\n<h2 class=\"wp-block-heading\"><strong>Stage<\/strong> \ud83d\udcd4<\/h2>\n\n\n\n<p class=\"has-text-align-left\">Liste des entreprises ayant pris des \u00e9tudiants en avril 2025 &#8211; BUT MDEE<\/p>\n\n\n\n<p class=\"has-text-align-left\">On a list\u00e9 pour vous la liste compl\u00e8tes des stages trouv\u00e9s par nos camarades en 2025. Elle peut vous aider \u00e0 trouver votre prochain stage !!<\/p>\n\n\n\n<p>Ce tableau est interactif : Rajoutez les stages que vous trouv\u00e9 pour faire \u00e9voluer la liste <\/p>\n\n\n\n<figure class=\"wp-block-table aligncenter\"><table class=\"has-fixed-layout\"><tbody><tr><td><strong>Lieu de stage<\/strong><\/td><td><strong>Num\u00e9ro de t\u00e9l\u00e9phone des entreprises<\/strong><\/td><td><strong>Adresse des entreprises<\/strong><\/td><\/tr><tr><td>Agglom\u00e9ration montargoise<\/td><td>02 38 95 02 02<\/td><td>1 Rue du Faubourg de la Chauss\u00e9e, 45200 Montargis<\/td><\/tr><tr><td>AIGLE INTERNATIONAL SA<\/td><td><\/td><td><\/td><\/tr><tr><td>Association Radi&rsquo;Aube<\/td><td>03 25 71 89 66<\/td><td>6 Pl. L\u00e9onard de Vinci, 10430 Rosi\u00e8res-pr\u00e8s-Troyes<\/td><\/tr><tr><td>ATELIER SUBOTAI<\/td><td>03 86 65 32 83<\/td><td>27 Rue du G\u00e9n\u00e9ral Allix, 89100 Sens<\/td><\/tr><tr><td>Belair Clap<\/td><td>07 64 38 65 65<\/td><td>24 Rue du Haut, 10270 Laubressel<\/td><\/tr><tr><td>BLAIZ MUSIC PROMOTION<\/td><td><\/td><td><\/td><\/tr><tr><td>CALAO 165 &#8211; Intermarch\u00e9<\/td><td><\/td><td><\/td><\/tr><tr><td>CERAMICONFORT<\/td><td>02 44 84 44 84<\/td><td>35 Rue Nic\u00e9phore Ni\u00e9pce, 45700 Villemandeur<\/td><\/tr><tr><td>City Nail Bar<\/td><td>01 78 64 86 80<\/td><td>3b Rue de la Muette, 78600 Maisons-Laffitte<\/td><\/tr><tr><td>Coop\u00e9rative Vinicole de la r\u00e9gion de Baroville &#8211; Champagne de BARFONTARC<\/td><td>&nbsp;03 25 27 07 09<\/td><td>18 Rue de Bar sur Aube, 10200 Baroville<\/td><\/tr><tr><td>Dao Immobilier<\/td><td>07 68 28 47 21<\/td><td>Secteur du Pays D&rsquo;Othe<\/td><\/tr><tr><td>D\u00e9coration 360<\/td><td>06.40.66.88.87<\/td><td>Villemandeur<\/td><\/tr><tr><td>DISTRAME<\/td><td>03 25 71 25 83<\/td><td>Parc du Grand Troyes, 40 Rue de Vienne, 10300 Sainte-Savine<\/td><\/tr><tr><td>EI Romain Joinovici<\/td><td><\/td><td>2 RUE PAUL LANGEVIN, 94120 FONTENAY-SOUS-BOIS<\/td><\/tr><tr><td>Fitness Park<\/td><td>06 79 39 15 11<\/td><td>Centre Commercial l&rsquo;Escapade, 4 Bd de l&rsquo;Ouest, 10600 La Chapelle-Saint-Luc<\/td><\/tr><tr><td>FORME-TOI ET LEVELUP<\/td><td>06 69 94 63 24<\/td><td>111 Rue Robespierre, 93170 Bagnolet<\/td><\/tr><tr><td>Intersport<\/td><td>03 25 73 19 19<\/td><td>77 Av. Pierre Brossolette, 10000 Troyes<\/td><\/tr><tr><td>Le Kennedy<\/td><td>0784140256<\/td><td>97 Prom. Georges Pompidou, 13008 Marseille<\/td><\/tr><tr><td>Les Teinturiers du Bonheur<\/td><td>07 55 53 25 82<\/td><td>70 Bd de Picpus, 75012 Paris<\/td><\/tr><tr><td>Mairie de Pont-Sainte-Marie<\/td><td>03 25 81 20 54<\/td><td>Pl. Langlois, 10150 Pont-Sainte-Marie<\/td><\/tr><tr><td>New Era Food<\/td><td>+1 718-933-4410<\/td><td>668 Crescent Ave 2nd Floor, Bronx, NY 10458, \u00c9tats-Unis<\/td><\/tr><tr><td>Paris nation immobilier<\/td><td>06 62 37 96 14<\/td><td>284 Bd Voltaire, 75011 Paris<\/td><\/tr><tr><td>Pharmacie de La Rivi\u00e8re<\/td><td>03 25 79 40 15<\/td><td>37b Rue Jean Jaur\u00e8s, 10440 La Rivi\u00e8re-de-Corps<\/td><\/tr><tr><td>Revy Formation<\/td><td>07 85 01 17 83<\/td><td>14 Rue du Colonel Driant, 10000 Troyes<\/td><\/tr><tr><td>ROJ.ISO<\/td><td>06 51 19 90 27<\/td><td>10 champs bataille, 10600 Payns<\/td><\/tr><tr><td>SAS VIDIS (Leclerc)<\/td><td>03 26 74 27 27<\/td><td>Route de vitry en Perthois, 51300 Vitry-le-Fran\u00e7ois<\/td><\/tr><tr><td>Services Enfance Jeunesse<\/td><td><\/td><td><\/td><\/tr><tr><td>SV Marketing<\/td><td>03 51 53 16 72<\/td><td>2 Rue Kl\u00e9ber, 10000 Troyes<\/td><\/tr><tr><td>Thuan Aime<\/td><td><\/td><td><\/td><\/tr><tr><td>Trendyy Agency<\/td><td><\/td><td>Le Pos\u00e9idon Paris, Chem. de Halage, 94220 Charenton-le-Pont<\/td><\/tr><tr><td>Ville de Troyes<\/td><td>03 25 42 33 33<\/td><td>Pl. Alexandre Isra\u00ebl, 10000 Troyes<\/td><\/tr><tr><td>Theme Radio<\/td><td>03 25 75 30 30<\/td><td>15 Av. d&rsquo;Echenilly, 10120 Saint-Andr\u00e9-les-Vergers<\/td><\/tr><tr><td>Le domaine de Nuisement<\/td><td>06 75 79 69 48<\/td><td>1 Domaine de Nuisement, 10110 Merrey-sur-Arce<\/td><\/tr><tr><td>Le coin des h\u00e9ros<\/td><td>03 80 42 07 91<\/td><td>43 Rue du Bourg, 21000 Dijon<\/td><\/tr><tr><td>Natus sensory<\/td><td>05 56 08 54 76<\/td><td>Parc Du Moulin De Massy 37, Rue Du Saule Trapu 91300 Massy France<\/td><\/tr><tr><td>Bm energies<\/td><td>06 08 82 88 09<\/td><td>77 Rue Danton, 93310 Le Pr\u00e9-Saint-Gervais<\/td><\/tr><tr><td>Val l\u00e9gume<\/td><td>03 25 39 54 20<\/td><td>9 Rue de l&rsquo;\u00c9glise, 10400 Fontenay-de-Bossery<\/td><\/tr><tr><td>NOZ<\/td><td>03 25 81 35 50<\/td><td>L&rsquo;Aire des Moissons, 10410 Saint-Parres-aux-Tertres<\/td><\/tr><tr><td>E.Leclerc SAINT PARRES AUX TERTRES<\/td><td>03 25 72 16 16<\/td><td>103 Av. G\u00e9n\u00e9ral de Gaulle, 10410 Saint-Parres-aux-Tertres<\/td><\/tr><tr><td>Champagne Veuve<\/td><td>03 26 89 54 40<\/td><td>1 Rue Albert Thomas, 51100 Reims<\/td><\/tr><\/tbody><\/table><\/figure>\n\n\n\n<h2 class=\"wp-block-heading has-text-align-left\"><strong>Nos cours<\/strong><\/h2>\n\n\n\n<p>On s&rsquo;amuse bien aussi dans nos cours !! Avec nos diff\u00e9rents projets de groupe, oraux&#8230;<\/p>\n\n\n\n\n\n<p><\/p>\n\n\n\n<div class=\"wp-block-group alignfull has-background-color has-white-color has-black-background-color has-text-color has-background has-link-color wp-elements-a5a8b0123a45f2d335d5bfd5945bbad4 is-vertical is-content-justification-stretch is-layout-flex wp-container-core-group-is-layout-47eb2bc5 wp-block-group-is-layout-flex\" style=\"min-height:40vh;margin-top:0;margin-bottom:0;padding-top:var(--wp--preset--spacing--60);padding-right:var(--wp--preset--spacing--40);padding-bottom:var(--wp--preset--spacing--60);padding-left:var(--wp--preset--spacing--40)\">\n<div class=\"wp-block-columns alignwide has-small-font-size is-layout-flex wp-container-core-columns-is-layout-9d6595d7 wp-block-columns-is-layout-flex\">\n<div class=\"wp-block-column is-layout-flow wp-block-column-is-layout-flow\">\n<p class=\"has-text-align-center\">IUT Troyes<\/p>\n\n\n\n<p class=\"has-text-align-center\">2020 Lomita Blvd,&nbsp;<br>Torrance, CA 90101<br>United States<\/p>\n\n\n\n<div style=\"height:24px\" aria-hidden=\"true\" class=\"wp-block-spacer\"><\/div>\n\n\n\n<p class=\"has-text-align-center\"><\/p>\n<\/div>\n\n\n\n<div class=\"wp-block-column is-vertically-aligned-top is-layout-flow wp-block-column-is-layout-flow\">\n<p class=\"has-text-align-center\">Suivez-nous <\/p>\n\n\n\n<p class=\"has-text-align-center\">D\u00e9couvrez nos cr\u00e9ations<\/p>\n\n\n\n<div class=\"wp-block-group is-vertical is-content-justification-center is-layout-flex wp-container-core-group-is-layout-bdd043ae wp-block-group-is-layout-flex\">\n<p><a href=\"#\">Instagram<\/a><\/p>\n\n\n\n<p><a href=\"#\">TikTok<\/a><\/p>\n<\/div>\n\n\n\n<div style=\"height:24px\" aria-hidden=\"true\" class=\"wp-block-spacer\"><\/div>\n<\/div>\n<\/div>\n<\/div>\n\n\n\n<p><\/p>\n","protected":false},"excerpt":{"rendered":"<p>\u00c0 propos de nous Une page internet humoristique afin de pr\u00e9senter la r\u00e9alit\u00e9 de la vie des \u00e9tudiants de MDEE (nos projets, SAE, ce qu\u2019on doit ma\u00eetriser et des petites anecdotes dr\u00f4les pour unifier la promo et donner envie aux premi\u00e8res ann\u00e9es de nous rejoindre).&nbsp; Nos r\u00e9alisations Actus Affiche d&rsquo;\u00e9v\u00e9nement et description de l&rsquo;\u00e9vent et [&hellip;]<\/p>\n","protected":false},"author":2,"featured_media":0,"parent":0,"menu_order":0,"comment_status":"closed","ping_status":"closed","template":"","meta":{"saved_in_kubio":true,"footnotes":""},"class_list":["post-51","page","type-page","status-publish","hentry"],"kubio_ai_page_context":{"short_desc":"","purpose":"general"},"_links":{"self":[{"href":"https:\/\/digitc3.ovh\/index.php?rest_route=\/wp\/v2\/pages\/51","targetHints":{"allow":["GET"]}}],"collection":[{"href":"https:\/\/digitc3.ovh\/index.php?rest_route=\/wp\/v2\/pages"}],"about":[{"href":"https:\/\/digitc3.ovh\/index.php?rest_route=\/wp\/v2\/types\/page"}],"author":[{"embeddable":true,"href":"https:\/\/digitc3.ovh\/index.php?rest_route=\/wp\/v2\/users\/2"}],"replies":[{"embeddable":true,"href":"https:\/\/digitc3.ovh\/index.php?rest_route=%2Fwp%2Fv2%2Fcomments&post=51"}],"version-history":[{"count":36,"href":"https:\/\/digitc3.ovh\/index.php?rest_route=\/wp\/v2\/pages\/51\/revisions"}],"predecessor-version":[{"id":333,"href":"https:\/\/digitc3.ovh\/index.php?rest_route=\/wp\/v2\/pages\/51\/revisions\/333"}],"wp:attachment":[{"href":"https:\/\/digitc3.ovh\/index.php?rest_route=%2Fwp%2Fv2%2Fmedia&parent=51"}],"curies":[{"name":"wp","href":"https:\/\/api.w.org\/{rel}","templated":true}]}}